 number?
False
Let r be ((-8)/(-3))/((-8)/(-12)). Suppose 7 = -r*q + 3*g, 3 = -3*q - g + 1. Let c(w) = -1842*w**3 + w**2 - 2*w - 2. Is c(q) prime?
False
Let i be 117347/15 + (-26)/195. Suppose 7*y - i = 4*y + 4*j, -3*y - 3*j + 7830 = 0. Is y a prime number?
True
Let m(f) = -333*f + 36833. Is m(0) a prime number?
True
Suppose f + 0 + 3 = 5*r, 5*r = -2*f + 9. Suppose -4 = -3*s + f*x, -5*s + 5*x = -10 - 0. Is 1/(4/(-953))*(s - 4) composite?
False
Suppose -5*r = 2*p + 256531 - 3065790, 2*r = -4*p + 5618478. Is p a composite number?
False
Let d = -24069 - -15602. Let a = d + 13676. Is a a composite number?
False
Suppose -34*z = 3*z - 148. Suppose -3*d + 1571 = z*m - 852, 0 = 5*d + 2*m - 4057. Is d a composite number?
True
Suppose -6024 = -3*l - 5*s, l = -0*s + 3*s + 2008. Suppose 4*m - 9*y = -10*y + l, -2*m - 2*y + 998 = 0. Is m prime?
True
Let q = 69 + -90. Let a = 20 + q. Is ((16/4)/8)/(a/(-634)) composite?
False
Let n(r) = -6124*r**3 - 2*r. Let t be n(-3). Suppose 119944 + t = 26*y. Is y composite?
False
Let y = 8633 + 4734. Is y composite?
False
Suppose -300*g - 4*g + 43397067 = 179*g. Is g a composite number?
False
Suppose 0 = 2*i + 6, -5*f = -25*i + 21*i - 72. Is 55/66 + 26714/f a composite number?
True
Let v(u) = 6*u - 27. Let m be v(5). Suppose -5*n + 1814 = -m*n. Is n a prime number?
True
Is (-338675045)/(-4425) - (-8)/30 a composite number?
False
Let b be (0 + (-2)/(-3))*3 + 1186. Let x = 1705 + -1070. Let i = b - x. Is i a composite number?
True
Let a(z) = z**3 + 6*z**2 - 4*z - 2. Let y be a(-6). Let n be (-101526)/(-22) - (-4)/y. Is n/52 - 2/(-8) a composite number?
False
Suppose -97 = 3*r + 29. Is (-7)/((-588)/(-8)) + (-13906)/r composite?
False
Suppose -580117 = 53*v - 2808396. Is v a composite number?
False
Let v = -363 - -367. Suppose -4*n = -4*r - 14868, 0*n + v*n + 4*r = 14884. Is n prime?
True
Suppose 3*s - 2*u - 1419671 = 0, 4*s - 151894 = -8*u + 1740926. Is s a composite number?
False
Let g be (-1 - -1)/(10 - 11). Let m(j) = j**3 - 2*j. Let c be m(g). Suppose 3*q + w = -c*q + 784, 0 = -5*q + 3*w + 1330. Is q composite?
False
Let p = 920866 - 313449. Is p composite?
False
Let d(f) = -24*f**3 - 3*f**2 + 10. Suppose 0 = -1255*n + 1254*n - 3. Is d(n) a composite number?
False
Let d = -644 - -649. Suppose -6*c - b + 16745 = -d*c, 3*b = -5*c + 83717. Is c prime?
True
Let j = 25341 - 5698. Is j composite?
True
Let f(i) = i**3 + 7*i**2 + 5*i + 5. Let w be f(-6). Let x(c) = -84*c + 674. Let s be x(8). Suppose 0 = -w*g - s*g + 38155. Is g a prime number?
False
Is (-2)/((-12)/(-45846))*16/(-3) - -7 prime?
True
Let o = 113 - 109. Suppose 2*y - o*y = -5*y. Suppose y*b - 2*b + 4*g + 8274 = 0, 0 = 3*b + 4*g - 12361. Is b prime?
True
Let n = 31 - 27. Suppose 3*v = n*o - 1976, -3*v - 4*o = -o + 1983. Is (-2)/(v/(-668) - 1) a composite number?
False
Let p = -13 - -13. Is p - (24/(-6) - 3387) a composite number?
False
Suppose -350*o - 4441224 = -374*o. Is o a composite number?
False
Let f be (-132)/(-4 + -2) - 9/3. Suppose -h + f*h = 39978. Is h a composite number?
False
Suppose -19 = 2*m - 17. Let g be 1*((4 - (-4)/m) + -1). Is ((-21)/(-12))/((g + 3)/1112) prime?
False
Suppose 7*c - 2*d = 3*c + 1800040, 3*c - d = 1350031. Is c a composite number?
False
Suppose 0 = 4*x - s - 63262, 3614*s + 79079 = 5*x + 3612*s. Is x a prime number?
False
Suppose 0 = 5*c + 2*s - 5880443, 3*c = -3*s + 3769516 - 241252. Is c prime?
True
Suppose 0 = 3*l + 2*x - 21739, -15*x - 21731 = -3*l - 19*x. Is l a prime number?
False
Suppose 3*h - a - 169 + 62 = 0, 2*a = 2*h - 74. Suppose -h*f - 231158 = -76*f. Is f composite?
True
Let h(g) = 2*g**2 - 14*g + 24. Let k be h(4). Is k/2 - 113611/(-17) prime?
False
Let s be 168/(-24) + 1 + 2049. Suppose -s = -3*d + 21606. Is d prime?
True
Let t(o) = -23*o**3 + 28*o**2 - 74*o - 1078. Is t(-15) a prime number?
False
Let y(a) = a**2 - 10*a - 123. Let p be y(19). Is (-10501)/(-2) - -2*(-36)/p a prime number?
False
Suppose -48*f = 81088 - 702256. Is f a prime number?
True
Suppose 10905 = -4*z + 3*w - 307, 5*z = w - 14004. Let o be z/42 + 2/3. Let v = 65 - o. Is v composite?
False
Let f be 0/(-1) + 6*126/12. Suppose 35 = -7*w + f. Suppose 240 = -w*d + 2204. Is d a composite number?
False
Let r(n) = -n**3 + 16*n**2 + 19*n + 21. Let k(y) = -24*y - 37. Let m be k(-6). Let s = -93 + m. Is r(s) prime?
False
Suppose 0 = n - 13*n + 3624. Let o = n - 76. Let r = 623 - o. Is r a composite number?
False
Let q = 12556 - 7113. Suppose l = 2*l - 2718. Suppose 2*w = -9*y + 4*y + q, -w + y = -l. Is w prime?
True
Suppose -726823 + 251485 = -6*g. Is g a composite number?
True
Let o(i) = 42031*i**2 - 281*i + 1047. Is o(4) prime?
False
Suppose 9*t - 10 = 4*t. Suppose -2*f + 6704 = -5*m, -t*f = f + 4*m - 10033. Is f composite?
False
Suppose 3138805 - 862705 = 10*x. Suppose -61812 + x = 18*n. Is n a composite number?
True
Let s be -2 + (2 - (-4)/2). Let u be 4 - (s/4 + (-35)/(-10)). Suppose u = -x - 3*x + 596. Is x composite?
False
Let p = 202568 + -90747. Is p a composite number?
False
Suppose -47*z = 586515 - 5075344. Is z a composite number?
False
Suppose -4*j - 8 = 2*i, 16 - 4 = 2*j - 3*i. Suppose 10*s - 16*s + 24630 = j. Is s composite?
True
Let z = -21 + 15. Let s(c) = -2236*c + 602. Let w be s(7). Is -1*(-1)/z - w/84 a composite number?
False
Let l be (-18 - -9)/((-383)/(-386) + -1). Let p(m) = -370*m**2 + l*m**2 + 2*m - 2*m - 1. Is p(1) a composite number?
False
Suppose 4*o = -u + 23, 3*o - 3*u + 4 = 10. Is (-8716)/(-16)*(0 + (o - 1)) a composite number?
False
Let t(h) = 5*h**3 - 19*h**2 + 16*h + 3. Let f(b) = 14*b**3 - 58*b**2 + 49*b + 7. Let k(q) = -2*f(q) + 7*t(q). Is k(10) prime?
False
Let w(p) be the first derivative of -11*p**4/4 + 4*p**3/3 - 13*p**2/2 - 9*p - 38. Is w(-5) prime?
True
Suppose 0 = -6*d + d - 6255. Let w = -521 + 1035. Let b = w - d. Is b a composite number?
True
Let h(p) = -46*p - 137. Let d be h(-12). Let r = d - 153. Is r a composite number?
True
Let t be 886/5*(2 - -3). Let a = -6966 + 6964. Is (a/1)/(-4)*t a prime number?
True
Let h(l) = -l**3 - 15*l**2 - 2*l - 26. Suppose 3*p - p + 30 = 0. Let a be h(p). Suppose -694 - 670 = -a*c. Is c composite?
True
Let f = -11 + 14. Suppose -5*g - 2*v = 9, -g - f*v = -3*g - 15. Let l(y) = -15*y**3 - 5*y**2 - 4*y - 1. Is l(g) prime?
False
Let d(b) = 900*b - 225. Let m be d(6). Let z = m + 7666. Is z composite?
False
Suppose -g - 4*g + 15 = 0. Let k be (-13305)/10*(-2 - (-10)/g). Is k/(-3)*9/6 a prime number?
True
Let i(v) = 292*v**3 - 5*v**2 - 21*v + 83. Is i(8) a composite number?
False
Let s = 381 - 331. Suppose 5*z - z = 140. Let j = s + z. Is j a prime number?
False
Let x(p) = -708*p**3 - 4*p**2 - 10*p + 30. Let n(s) = 355*s**3 + 2*s**2 + 4*s - 15. Let a(l) = -13*n(l) - 6*x(l). Is a(-2) a prime number?
True
Let p be 16/10 - ((-28)/(-5) + -6). Suppose p*i - 10*i + 2696 = 0. Is i composite?
False
Let y be ((-1332)/8)/((-3)/(-180)). Let i = y - -14383. Is i composite?
True
Let y be (-2)/(-21) - (-172500)/1260. Let i = 3 + 2. Suppose -i*x = y - 7522. Is x a composite number?
True
Let l be 56 - (-3)/(2 + (-21)/6). Let d = 59 - l. Is 27435/25 - 2/d a prime number?
True
Suppose -3*n + 19*n = -128. Let z be (-3968)/(-5) + 2 + n/5. Suppose z = 2*j + 4*i, -j - i = -4*j + 1226. Is j prime?
False
Suppose r + 98 - 88 = 0. Let s be (-2*(-2)/r)/((-10)/(-47650)). Is 6/15 + s/(-10) a prime number?
True
Is (-30127781)/(-290) - 2/(-20) a composite number?
False
Let p = -62 - -62. Suppose -8*m + 4917 = -5*m + 5*d, -4*m + 2*d + 6556 = p. Is m prime?
False
Suppose 4*u - 4*x = 7244068, -29*u + 27*u - 5*x = -3622020. Is u prime?
False
Suppose 2*q - 38388 = 4*v, -5*q + 100476 - 4506 = 2*v. Suppose 13*c - 7*c - q = 0. Let a = c - 1802. Is a a composite number?
True
Let g = 414 + -580. Let x = g + 484. Suppose 83*o + x = 85*o. Is o composite?
True
Suppose 1855655 = -7*l + 12*l. Is l prime?
True
Suppose 0 = -33*a + 2507869 + 7904192. Is a prime?
True
Suppose -u - l + 19036 = 0, -u + 43*l = 48*l - 19056. Is u prime?
True
Let f be ((-10)/(-40))/((-2)/(-32)). Let d(y) be the second derivative of 17*y**3/2 + 13*y**2/2 - 9*y. Is d(f) prime?
False
Let u = -5660491 - -8004608. Is u a prime number?
True
Let b = -455 + 432. Is ((-11206)/(-1))/((-10 - b) + -11) a composite number?
True
Suppose 2*p - 8 = 0, 6*h - 8*h